 2)) - 3.
13
What is 0 + 55 - (30 + (19 + -61 - -6))?
61
Evaluate (22 + -47 - 12) + -10 + (-6 - -5).
-48
What is the value of -1 + 9 + -2 + (-17 + 28 - 7) + -9?
1
What is the value of 38 + -9 + -78 + 78?
29
What is -14 + 15 + -86 + 85 + 1 + -1?
0
-67 - -27 - (2 + 1 - (3 - -11))
-29
Calculate 5394 + -5500 - (-25 - -2).
-83
Calculate -6 - (12 + 6 + -8 + 8 + (-1 - -13)).
-36
What is the value of -15 + 15 + 19 - (58 - -18)?
-57
Evaluate -169 - -93 - (-53 - 4).
-19
Evaluate -3 - -9 - (-118 + 149).
-25
What is -11 + 10 + -67 + (-2 - -3 - (11 - 17))?
-61
Evaluate 6 + 8 + (6 - 4) + -5 + 5.
16
Evaluate -1 + 7 + -8 - (143 + -126).
-19
What is 24 - (1 - (10 - 21)) - 18 - -19?
13
7632 + -7620 - (1 + -52)
63
Calculate -81 + (-66 - -119) - 31.
-59
What is (26 - (31 - -2)) + -26?
-33
What is -1 + -2 - (-10 - (8 + 7 + 25))?
47
-27 + 28 - (-57 + 16 + (-6 - 5))
53
What is the value of 0 + -1 - -6 - (-5 + 11 + (0 - 15))?
14
Calculate (-15 - (-5 - 2 - (5 - 7))) + (2 - 27).
-35
What is -44 + (-43 - -75) - (-4 - -26)?
-34
What is the value of (-42 - -150) + -54 + 39 + 10?
103
What is the value of 120 - (1 - (-3 - 6)) - (-2 - 4)?
116
Calculate -46 + (-1 - -38) + 42.
33
(-13 - (22 + 4 + -22 + -18)) + (-104 - -2)
-101
What is the value of -3 + -49 - 11 - ((-2 + -8 - -7) + -6)?
-54
Calculate -9 + 1 + (-7 + -4 + 2 - -24 - -58).
65
What is the value of (4 - 5 - (16 - 34)) + -95?
-78
What is -56 + (17 - (-4 - 9 - (-12 - 11))) - -2?
-47
Calculate 2 - (-1 - (-1 + 3)) - (-23 + 36).
-8
Evaluate -1 + -15 + (-17 - (-72 - -61)) - -79.
57
Calculate 30 - 13 - (-2 + (-7 - -6)).
20
What is the value of -65 + (-8 + 52 - 5) + -123 + 1?
-148
Calculate 30 + -1 + (75 - 87 - (-6 + -1 - 7)).
31
Calculate (-23 - (25 + -20)) + 45.
17
-21 + (101 - 53) + -31
-4
What is the value of -31 + -6 + 0 + -5?
-42
(70 - (22 - -1 - -41)) + (48 + -1 - 1)
52
What is -3 + 1 + 64 - (-534 + 554)?
42
Evaluate -115 - (-205 + 90 - 2).
2
What is the value of 17 - (-6 - (-16 - 0 - -19)) - (6 + 1)?
19
Calculate 85 + -47 + -150 + 64.
-48
What is 4 - (0 - 106 - (-5 + (-33 - -39) - 8))?
103
What is the value of -39 + 11 + 28 + -43?
-43
Evaluate 10 + (-2 - (-30 + 2 + 0 + 13)).
23
-1 + 8 + ((-4 - -4) + 8 - -5)
20
What is -53 + 25 + (1 - -8) + -2 + -20?
-41
13877 - 13887 - (-3 + 1 + (0 - 91))
83
What is 159 + -169 + (-15 - -8) + 2?
-15
What is the value of -7 + 5 + 32 - (321 + -285)?
-6
What is 10 + -55 + 49 - (-1 - -14)?
-9
Calculate -44 + (36 - 16) + 17 - -31.
24
1 + (4 - -14) - (6 + 1) - (187 - 227)
52
What is 3308 + -3192 + -30 + (2 - 2)?
86
-30 + 49 + -37 + -23 + -11
-52
Calculate (14 - (1 - 6)) + 882 + -948.
-47
Calculate -2 - (-1 + 35) - (1373 - 1385).
-24
Evaluate (0 - (1 - 0)) + (-8 + 0 - (-375 - -401)).
-35
Evaluate 39 + -54 + 4 + 47 + 5 + -1 + -1.
39
31 + (24 - 94) - -27
-12
Evaluate 3385 + -3390 - (1 + -2 + 19).
-23
Calculate 517 + -512 - (-1 + 1) - (15 + 2) - 5.
-17
Evaluate 84 + -54 + -14 + -45 - -23.
-6
Calculate 13 - 1 - (80 + -125 - -48).
9
What is -40 + 54 + -4 + (-6 + -6 - -27)?
25
-43 - 0 - ((2 - 14 - (-9 + 3)) + 0)
-37
Calculate 30 + -24 + -18 + (119 - 0) - 18.
89
Evaluate 4 + 3 + 9 + (25 - -3) - -11.
55
What is the value of -17 + (12 - 18 - -8 - (-5 + -3 + 6))?
-13
Evaluate -42 + -13 + 49 + 26.
20
Calculate 9 - (-12 + 11) - (2 + 2 + -2) - 8.
0
What is the value of 6 - (-109 - -55) - 7?
53
What is the value of -110 + (3425 - 3423) + (15 - (-3 + -3 + 8))?
-95
What is the value of 17 - 1 - (135 - (157 + -80))?
-42
Calculate -2 + -12 - (14 - (-2 + 37)).
7
Evaluate (-409 - -384) + (-1 + 1 - (-8 + 15 + 8)).
-40
Evaluate -22 - (677 + -666 + (-29 - -1)) - (-48 - -4).
39
What is the value of (-28 - -2) + (-83 - -53) + 50?
-6
Evaluate -60 - -92 - (-4 - (-6 - -9 - 15)).
24
14 + 47 + (-26 - 43)
-8
Evaluate -88 - (24 - 21 - 8) - -13.
-70
Calculate (1 - -4) + (-54 - -93 - 3) - -4.
45
Evaluate 5 + -25 + 211 + -167 - (8 + (0 - 1)).
17
Calculate 51 + (-36 - -47) + -20.
42
What is the value of (-4 - (-10 + -34)) + -62?
-22
Calculate 20 + -18 + (17 - (21 - (2 - -6) - 7)).
13
What is the value of -57 + (15 - -40) - 20?
-22
Calculate -29 + 31 + (9 - -35).
46
Calculate (-75 - (40 + 21 + -3 + -35)) + -18.
-116
-4 + -11 - (2333 + -2297)
-51
Calculate 19 - (-19 - -36 - -57).
-55
What is the value of -88 + (37 + -30 - 20) + (34 - 1)?
-68
What is -4 - (22 + 12 - (74 - -16))?
52
Calculate -44 + 47 + (-9 - 1) - -17.
10
What is (1 - (-6 + 3)) + (3 + 8 - 13 - 12)?
-10
What is 128 + 8 + (66 + -32 - 77)?
93
Calculate (-51 + 7 - -130) + (-3 - (13 + 1)).
69
Calculate -119 + (20 - 36) + 29.
-106
(-9 + -1 - (-128 + 131)) + (10 - -3)
0
33 + -24 - (-1 - (11 + -3))
18
-518 - -498 - (-2 - 56)
38
What is -38 - (15 - (29 - 42 - -1))?
-65
Calculate -11 + (19 - (-14 + 15)) + 4.
11
What is the value of 11 - 116 - (156 - 258)?
-3
What is 10 - 3 - (-89 + 90) - (-25 - (5 + -1))?
35
Calculate 15 - ((2 - 3) + 15 - 5).
6
What is the value of -30 - ((-30 + 18 - 33) + 26)?
-11
What is the value of (-14 - 16) + -8 - (33 - 32)?
-39
What is the value of -81 + 161 + -68 - -68?
80
What is the value of -10 + (36 - 10 - 7) + -171 + 17?
-145
What is the value of 2 - (-6 - -4) - (28 - (-2 - 77)) - -10?
-93
What is 38 - (-21 + 20 - -56) - 94?
-111
Calculate (-1 - 41) + -10 + -15 - (16 - 2).
-81
Evaluate (1153 - 1155) + (-1 + -1 - -2).
-2
What is the value of -3 - (8 - 3) - (-34 + 75 + -27)?
-22
What is the value of (-1591 - -1655) + (-1 - 26)?
37
What is the value of (-48 - -44) + 9 + -1 + 50 + -1?
53
Evaluate 4 + ((9 - 8) + 10 - 9) + -71 + -5.
-70
-4 - -12 - 9 - 3 - (-17 + 12 + 49)
-48
What is -60 - (-180 + 135) - (2 + -15)?
-2
What is -9 - 1 - 2 - (-440 + 428) - 3?
-3
-81 + -10 + ((15 - 14) + -3 + -8 - -35)
-66
What is the value of 19 + (18 - (7 + 15) - 4) + (-1 - 66)?
-56
Calculate (-6 - (15 + -14)) + -23.
-30
Calculate (-14 - (12 + -13 + 22)) + 15 - 65.
-85
What is the value of -25 + (47 + -72 - (-96 - 1))?
47
What is the value of -90 + (-7 + -7 + 10 - (-14 + 17) - -11)?
-86
4 + 30 - (-9 - (1 - 12))
32
What is the value of (5 - 11) + 6 - (48 + (-5 - 0))?
-43
What is the value of (173 - 93) + (-13 - 0)?
67
What is the value of -21 - (-19 + -62) - -7?
67
What is the value of (4 - 13) + 5 + (-55 - -74 - (-9 - 1))?
25
Evaluate 1 - ((-40 - -1) + 47 - (-1 + 4) - 42).
38
2 + -6 + (48 - (-3 - (-3 - -2 - 12)))
34
What is the value of 27 - ((6 - -5 - 9) + 13 + -7)?
19
Evaluate 43 + -22 - (-14 + (11 - 2 - (-3 - -9))).
32
Calculate 299 + -278 + (-2 - (-1 + 3)) + -11.
6
(6 - (25 + -17)) + 19 - 17
0
What is (-40 - -15) + -18 + 40?
-3
Calculate 6 + 56 + (-179 - -148) + (0 + 1 - 0).
32
Calculate -9 + (-12 - (-90 + -3)) + -11 + -6.
55
What is the value of (1 - 109) + (53 + -44 - -28 - 32)?
-103
Calculate 41 - (52 - (84 - 58)).
15
Evaluate (6 + 0 - (271 + -266)) + -2 + 2 + 20.
21
-8 - ((12 - -1) + -2 + -23 - (-1 + -9))
-6
Evaluate -67 + 11 + (-26 - (-3 - 47)).
-32
5 - (14 - (-5 + 3 + 14))
3
What is the value of -9 + 3 - -13 - (-45 + 38)?
14
What is the value of 0 - 3 - ((-87 - -153) + -144)?
75
Calculate (21 - (16 - 6 - (-3 - 0))) + -35.
-27
-75 + -36 + 43 + 24
-44
What is the value of -89 + (17 - -77) - (3 + 0 - 76)?
78
43 + 1 + (-2718 - -2690)
16
What is the value of (-33 - (36 - 101)) + -37?
-5
What is 1 - -14 - (39 - (-13 + 48))?
11
(60 - (42 + -41)) + -102
-43
Calculate 14 - (41 - (-3 - 17 - -23)).
-24
What is 12 + ((-13 - 2) + 2 - (11 + 19 + -48))?
17
(158 + -171 - 8) + 58 + -1
36
(-78 + 88 - -44) + -21
33
What is the value of (9 + -9 - 75) + 6 + (-6 - -2) + 8?
-65
Calculate 154 + -123 + (0 - (0 - 6)) - (12 - 24).
49
Evaluate (969 + -905 - (2 - -1 - (0 + -3))) + 3.
61
-13 + (-2 + 15 - 4) + (-4 - -9 - 38)
-37
-50 + -4 - -38 - (1 + 8 - -34)
-59
What is the value of -29 + -36 + 115 + 57?
107
What is the value of (-1 - (9 - 24) - 43 - (0 - 14)) + -27?
-42
59 - (9 - 21 - -14 - -4)
53
What is -31 + -1 - (4 + 15 + 10 + -20)?
-41
What is the value of -15 + 43 + (23 + -15 - 23)?
13
Calculate 23 + (9 - (6 - (-3 + 1))) - (4 + -14).
34
What is 23 - (-2 - (-4 - (35 - 19)))?
5
What is 4 + (-8 + 6 - -42) + -6 + 4?
42
What is (-27 - -27) + (5 - 1) + 93 - -1?
98
Evaluate -19 + (-8 - -4 - -15 - (226 - 238)).
4
What is the value of (22 - 10 - 6) + -2 + 94 + 1?
99
(19 + -35 - -26) + -23 - (8 - 16)
-5
Evaluate (126 - 107 - (47 - 4)) + 17.
-7
Calculate 9 + (-29 - (8 + 16 + -12)).
-32
Ca